oes 38 divide 14342?
False
Does 23 divide 4117?
True
Does 5 divide 624?
False
Is 7 a factor of 1869?
True
Is 43 a factor of 14559?
False
Does 45 divide 2630?
False
Is 1517 a multiple of 41?
True
Is 12 a factor of 1656?
True
Is 48 a factor of 2112?
True
Does 18 divide 360?
True
Does 19 divide 380?
True
Is 16488 a multiple of 72?
True
Does 38 divide 3040?
True
Is 116 a factor of 13804?
True
Does 43 divide 1290?
True
Is 18135 a multiple of 39?
True
Is 25 a factor of 1300?
True
Does 65 divide 52715?
True
Is 8 a factor of 688?
True
Is 36 a factor of 8084?
False
Does 14 divide 662?
False
Is 829 a multiple of 11?
False
Is 91 a multiple of 13?
True
Does 4 divide 33?
False
Does 9 divide 183?
False
Is 4267 a multiple of 12?
False
Is 78 a factor of 546?
True
Is 9408 a multiple of 12?
True
Does 242 divide 26503?
False
Does 9 divide 831?
False
Is 832 a multiple of 4?
True
Is 1248 a multiple of 16?
True
Is 6 a factor of 11598?
True
Is 7869 a multiple of 26?
False
Does 8 divide 1007?
False
Does 22 divide 4830?
False
Does 27 divide 1362?
False
Is 33 a factor of 13641?
False
Does 8 divide 42706?
False
Is 11 a factor of 163?
False
Is 22 a factor of 5190?
False
Is 7 a factor of 340?
False
Is 70 a multiple of 7?
True
Is 12 a factor of 39185?
False
Is 253 a multiple of 4?
False
Is 528 a multiple of 16?
True
Is 19 a factor of 6422?
True
Is 2710 a multiple of 147?
False
Is 23 a factor of 322?
True
Is 139 a factor of 8062?
True
Is 3 a factor of 26984?
False
Is 12 a factor of 2665?
False
Is 12555 a multiple of 81?
True
Is 14 a factor of 81224?
False
Does 42 divide 2681?
False
Does 9 divide 540?
True
Does 16 divide 5410?
False
Does 69 divide 966?
True
Is 37 a factor of 5032?
True
Does 24 divide 1920?
True
Is 2 a factor of 1052?
True
Is 8 a factor of 513?
False
Does 44 divide 2184?
False
Is 2678 a multiple of 13?
True
Is 184 a multiple of 9?
False
Is 12 a factor of 28164?
True
Does 8 divide 239?
False
Is 82 a factor of 830?
False
Does 30 divide 856?
False
Does 21 divide 26657?
False
Is 13943 a multiple of 147?
False
Does 53 divide 1378?
True
Is 38590 a multiple of 10?
True
Does 81 divide 466?
False
Does 9 divide 18687?
False
Is 13 a factor of 198?
False
Is 157 a factor of 6908?
True
Does 11 divide 28?
False
Is 68 a factor of 2584?
True
Is 3720 a multiple of 12?
True
Is 1301 a multiple of 3?
False
Is 24 a factor of 1392?
True
Is 183 a factor of 12970?
False
Is 127 a multiple of 4?
False
Is 3 a factor of 12300?
True
Is 24500 a multiple of 98?
True
Is 8845 a multiple of 12?
False
Does 36 divide 684?
True
Is 5 a factor of 731?
False
Is 6 a factor of 442?
False
Is 7 a factor of 8421?
True
Does 9 divide 396?
True
Is 4286 a multiple of 10?
False
Is 3852 a multiple of 56?
False
Is 36069 a multiple of 202?
False
Is 651 a multiple of 7?
True
Is 69 a factor of 276?
True
Is 218 a factor of 42292?
True
Does 5 divide 256?
False
Does 49 divide 98?
True
Is 3160 a multiple of 40?
True
Does 20 divide 19920?
True
Does 22 divide 1430?
True
Is 19008 a multiple of 16?
True
Is 14 a factor of 15022?
True
Does 44 divide 1177?
False
Does 23 divide 7070?
False
Is 11196 a multiple of 37?
False
Does 157 divide 13402?
False
Is 5264 a multiple of 16?
True
Does 7 divide 35?
True
Does 13 divide 3930?
False
Does 77 divide 2044?
False
Is 24 a factor of 1436?
False
Is 1218 a multiple of 29?
True
Does 92 divide 2674?
False
Is 364 a multiple of 14?
True
Is 1971 a multiple of 3?
True
Is 8413 even?
False
Is 2466 a multiple of 18?
True
Does 19 divide 15751?
True
Is 69836 a multiple of 426?
False
Is 1265 a multiple of 24?
False
Is 19 a factor of 18905?
True
Does 84 divide 12162?
False
Is 72567 a multiple of 243?
False
Does 23 divide 6720?
False
Is 33 a factor of 7552?
False
Does 31 divide 1364?
True
Does 36 divide 936?
True
Is 9 a factor of 1337?
False
Is 32 a factor of 864?
True
Is 8 a factor of 295?
False
Is 9194 a multiple of 99?
False
Is 6080 a multiple of 113?
False
Is 4470 a multiple of 37?
False
Is 27 a factor of 432?
True
Is 16 a factor of 93312?
True
Is 4228 a multiple of 10?
False
Is 1848 a multiple of 4?
True
Does 41 divide 32226?
True
Is 44973 a multiple of 57?
True
Is 371 a multiple of 169?
False
Is 5807 a multiple of 24?
False
Is 19 a factor of 2139?
False
Does 16 divide 32624?
True
Is 824 a multiple of 21?
False
Is 169 a factor of 21125?
True
Is 4092 a multiple of 13?
False
Does 10 divide 52072?
False
Does 62 divide 4588?
True
Does 11 divide 4895?
True
Does 367 divide 98266?
False
Is 34 a factor of 272?
True
Does 18 divide 684?
True
Does 66 divide 13398?
True
Is 15 a factor of 16912?
False
Is 52627 a multiple of 150?
False
Is 176 a multiple of 44?
True
Is 3 a factor of 1710?
True
Does 23 divide 3644?
False
Is 14985 a multiple of 74?
False
Is 366 a multiple of 6?
True
Is 78 a factor of 19565?
False
Does 10 divide 1830?
True
Is 185 a factor of 44763?
False
Does 362 divide 119912?
False
Is 2554 a multiple of 59?
False
Is 7857 a multiple of 81?
True
Is 1415 a multiple of 17?
False
Is 144 a factor of 5869?
False
Does 32 divide 17088?
True
Does 23 divide 1528?
False
Is 52350 a multiple of 11?
False
Is 40414 a multiple of 44?
False
Is 4246 a multiple of 22?
True
Is 12506 a multiple of 169?
True
Is 20878 a multiple of 22?
True
Does 69 divide 4338?
False
Does 3 divide 279?
True
Does 5 divide 32142?
False
Does 24 divide 1248?
True
Does 6 divide 54?
True
Is 17316 a multiple of 68?
False
Is 9312 a multiple of 3?
True
Is 900 a multiple of 75?
True
Is 194 a multiple of 19?
False
Does 2 divide 2835?
False
Is 43 a factor of 9731?
False
Is 8 a factor of 208?
True
Does 14 divide 53845?
False
Does 7 divide 1463?
True
Does 136 divide 20434?
False
Is 4 a factor of 292?
True
Is 14267 a multiple of 14?
False
Is 207 a factor of 57132?
True
Does 4 divide 132?
True
Is 3 a factor of 23597?
False
Is 9300 a multiple of 10?
True
Is 7084 a multiple of 154?
True
Is 13 a factor of 27313?
True
Is 40 a factor of 1560?
True
Is 6948 a multiple of 73?
False
Is 493 a multiple of 40?
False
Does 86 divide 10602?
False
Is 48449 a multiple of 291?
False
Is 7 a factor of 18774?
True
Does 17 divide 16127?
False
Is 16658 a multiple of 28?
False
Is 1723 a multiple of 130?
False
Does 82 divide 3280?
True
Is 354 a multiple of 11?
False
Is 320 a multiple of 4?
True
Does 12 divide 157734?
False
Is 440 a multiple of 56?
False
Is 29 a factor of 2704?
False
Does 34 divide 1632?
True
Does 25 divide 12425?
True
Is 4 a factor of 109?
False
Does 6 divide 22?
False
Is 31 a factor of 67425?
True
Is 26 a factor of 32573?
False
Is 167 a factor of 10020?
True
Does 16 divide 4149?
False
Is 8 a factor of 456?
True
Does 11 divide 36443?
True
Does 9 divide 118?
False
Does 4 divide 416?
True
Is 20 a factor of 280?
True
Is 7788 a multiple of 12?
True
Is 16 a factor of 152016?
True
Is 5355 a multiple of 21?
True
Does 219 divide 26718?
True
Is 55 a multiple of 55?
True
Is 15 a factor of 190?
False
Is 49228 a multiple of 269?
False
Is 28 a factor of 1465?
False
Does 30 divide 270?
True
Is 79 a factor of 37051?
True
Is 15 a factor of 33645?
True
Is 7 a factor of 1939?
True
Is 87 a factor of 4363?
False
Is 31 a factor of 3627?
True
Does 146 divide 8322?
True
Is 1101 a multiple of 34?
False
Does 14 divide 25?
False
Is 12231 a multiple of 27?
True
Does 71 divide 1633?
True
Is 52 a multiple of 16?
False
Is 30 a factor of 210?
True
Is 138 a factor of 11454?
True
Does 21 divide 4267?
False
Is 22 a factor of 122191?
False
Is 9 a factor of 4609?
False
Does 5 divide 185?
True
Is 43 a factor of 2365?
True
Does 19 divide 95?
True
Is 1508 a multiple of 26?
True
Is 182 even?
True
Does 25 divide 800?
True
Does 51 divide 6579?
True
Does 53 divide 583?
True
Is 76 a multiple of 2?
True
Is 4 a factor of 138?
False
Is 3562 a multiple of 5?
False
Is 34 a factor of 1631?
False
Does 48 divide 43947?
False
Is 410 a multiple of 10?
True
Is 259 a factor of 45843?
True
Is 1982 a multiple of 53?
False
Is 5201 a multiple of 43?
False
Is 105958 a multiple of 31?
True
Is 56 a factor of 771?
False
Is 33 a factor of 1773?
False
Does 9 divide 900?
True
Does 8 divide 1073?
False
Is 4940 a multiple of 13?
True
Does 20 divide 80360?
True
Is 5124 a multiple of 110?
False
Is 3438 a multiple of 9?
True
Is 1237 a multiple of 7?
False
Is 9 a factor of 2128?
False
Is 2240 a multiple of 112?
True
Is 26 a 